{"id":22,"date":"2023-10-20T17:37:52","date_gmt":"2023-10-20T17:37:52","guid":{"rendered":"https:\/\/webredox.net\/demo\/wp\/patara\/?page_id=22"},"modified":"2026-02-21T16:46:23","modified_gmt":"2026-02-21T16:46:23","slug":"zimmer-und-suites","status":"publish","type":"page","link":"https:\/\/familienhotelkaernten.at\/index.php\/zimmer-und-suites\/","title":{"rendered":"Zimmer &#038; Suites"},"content":{"rendered":"\t\t<div data-elementor-type=\"wp-page\" data-elementor-id=\"22\" class=\"elementor elementor-22\" data-elementor-post-type=\"page\">\n\t\t\t\t<div class=\"elementor-element elementor-element-9141ae4 e-con-full e-flex e-con e-parent\" data-id=\"9141ae4\" data-element_type=\"container\" data-e-type=\"container\" data-settings=\"{&quot;background_background&quot;:&quot;classic&quot;}\">\n\t\t\t\t<div class=\"elementor-element elementor-element-d2d3626 elementor-widget elementor-widget-patara-banner-image\" data-id=\"d2d3626\" data-element_type=\"widget\" data-e-type=\"widget\" data-widget_type=\"patara-banner-image.default\">\n\t\t\t\t<div class=\"elementor-widget-container\">\n\t\t\t\t\t\t\t\n\t<!-- Header Banner -->\n\t<header class=\"header\">\n\n\t\t\t\t<div class=\"banner-header full-height valign bg-img bg-fixed text-center\" data-overlay-dark=\"5\" data-background=\"https:\/\/familienhotelkaernten.at\/\/wp-content\/uploads\/2023\/10\/Trebesingerhof-157-final-scaled.jpg\">\n\t\t\t\t\t\t\t\t\t\t\t\t<div class=\"container\">\n\t\t\t\t\t<div class=\"row\">\n\t\t\t\t\t\t<div class=\"col-md-12 offset-0\">\n\t\t\t\t\t\t\t<div class=\"caption\">\n\n\t\t\t\t\t\t\t\t\t\t\t\t\t\t\t\t\n\t\t\t\t\t\t\t\t\n\t\t\t\t\t\t\t\t\t\t\t\t\t\t\t\t\t\t\t\t\t\t\t\t<h1 class=\"pt-slider-title2-class\">Zimmer & Suiten<\/h1>\n\t\t\t\t\t\t\t\t\t\t\t\t\t\t\t\t\t\t\t\t\t\t\t<\/div>\t\t\t\t\t\t\n\t\t\t\t\t\t<\/div>\t\t\t\t\t\t\n\t\t\t\t\t<\/div>\n\t\t\t\t<\/div>\n\t\t\t\t\t\t\t\t<!-- button scroll -->\n\t\t\t\t<a href=\"#sc-room\" data-scroll-nav=\"1\" class=\"mouse smoothscroll\">\n\t\t\t\t\t<span class=\"mouse-icon\">\n\t\t\t\t\t\t<span class=\"mouse-wheel\"><\/span>\n\t\t\t\t\t<\/span>\n\t\t\t\t<\/a>\t\n\t\t\t\t\t\t\t\t\t\n\t\t\t\t\t\t\n        <\/div>\t\t\t\n\t<\/header>\t\t\n\t\t\t\n    \t\t\t\t<\/div>\n\t\t\t\t<\/div>\n\t\t\t\t<\/div>\n\t\t<div class=\"elementor-element elementor-element-cef9ba9 e-flex e-con-boxed e-con e-parent\" data-id=\"cef9ba9\" data-element_type=\"container\" data-e-type=\"container\" id=\"sc-room\">\n\t\t\t\t\t<div class=\"e-con-inner\">\n\t\t<div class=\"elementor-element elementor-element-c59688b e-con-full e-flex e-con e-child\" data-id=\"c59688b\" data-element_type=\"container\" data-e-type=\"container\" data-settings=\"{&quot;background_background&quot;:&quot;classic&quot;}\">\n\t\t\t\t<div class=\"elementor-element elementor-element-12fe782 elementor-widget elementor-widget-patara-title\" data-id=\"12fe782\" data-element_type=\"widget\" data-e-type=\"widget\" data-widget_type=\"patara-title.default\">\n\t\t\t\t<div class=\"elementor-widget-container\">\n\t\t\t\t\t\t\t\n\t\t\n\t\t\t\t\t\t\t\n\t\t\t<h4 class=\"section-title black text-center\">Unser Hotel ist ge\u00f6ffnet:<\/h4>\t\t\t\t\n\t\t\t<div class=\"section-text text-center black\"><p><h4>\u00a0<\/h4><div id=\"1731881653\" class=\"dmNewParagraph\" data-element-type=\"paragraph\" data-version=\"5\"><p style=\"font-size: 18px; text-align: center;\">Die angef\u00fchrten Preise gelten pro Person und Aufenthalt, inkl. reichhaltiges <span style=\"color: #9ea57c;\"><strong>Trebesingerhof-Fr\u00fchst\u00fccksbuffet<\/strong><\/span>, <strong>Mittagssnack<\/strong>, <strong>Abendessen<\/strong> im Rahmen des <span style=\"color: #9ea57c;\"><strong>GENUSS ALL Inclusive Packages<\/strong><\/span>, Benutzung unserer Bade- und Wellnesseinrichtungen, zzgl. <span style=\"color: #9ea57c;\"><strong>4,00 \u20ac\/Nacht<\/strong><\/span> Sonstige Abgaben pro Erwachsenen ab 16 Jahren.<\/p><p style=\"font-size: 18px; text-align: center;\">Bei Buchungen von <span style=\"color: #9ea57c;\"><strong>1 - 3 N\u00e4chten<\/strong><\/span> verrechnen wir (nur in der Hauptsaison) einen <span style=\"color: #9ea57c;\"><strong>Kurzbucherzuschlag<\/strong><\/span> pro Erwachsenen und Nacht in H\u00f6he von <span style=\"color: #9ea57c;\"><strong>30,00 \u20ac<\/strong><\/span>.<\/p><p style=\"font-size: 18px; text-align: center;\"><strong>Kinder<\/strong> sind vom Kurzbucherzuschlag ausgenommen.<\/p><p style=\"font-size: 18px; text-align: center;\">Bei Online-Buchungen wird der Aufpreis manuell nach Buchung berechnet.<\/p><\/div><\/p><\/div>\n        \n\t\t\t\n        \t\t\t\t<\/div>\n\t\t\t\t<\/div>\n\t\t\t\t<\/div>\n\t\t\t\t<div class=\"elementor-element elementor-element-8151106 elementor-widget elementor-widget-patara-room-grid\" data-id=\"8151106\" data-element_type=\"widget\" data-e-type=\"widget\" data-widget_type=\"patara-room-grid.default\">\n\t\t\t\t<div class=\"elementor-widget-container\">\n\t\t\t\t\t\t\t\t\t<div class=\"container-after-room1\">\n\t\t\t\t\t<div class=\"rooms5 woocommerce\">\n\t\t\t\t<div class=\"row isotope-items-wrap  no-hide-last loadmore-wrapper-room1\" data-load-item=\"10000000\" data-button-text=\"Mehr Erfahren\">\n\t\t\t\t\t\t\t\t\t\t\t\t\t\t\t<div class=\"col-lg-6 col-md-6  mb-30 isotope-item\">\n\t\t\t\t\t\t<div class=\"item\">\n\t\t\t\t\t\t\t\t\t\t\t\t\t\t<figure class=\"position-re-order-room-grid-2 position-re o-hidden\"> \n\t\t\t\t\t\t\t<div class=\"cd-pt-ab\">\n\t\t\t\t\t\t\t<img decoding=\"async\" src=\"https:\/\/familienhotelkaernten.at\/wp-content\/uploads\/2024\/09\/564258214.jpg\" alt=\"Junior-Suite\" class=\"img-fluid\">\n\t\t\t\t\t\t\t<\/div>\n\t\t\t\t\t\t\t<\/figure>\n\t\t\t\t\t\t\t\t\t\t\t\t\t\t<div class=\"desc\">\n\t\t\t\t\t\t\t\t<h3 class=\"title\"><a href=\"https:\/\/familienhotelkaernten.at\/index.php\/product\/junior-suite\/\"> Junior-Suite<\/a><\/h3>\n\t\t\t\t\t\t\t\t<p>2 Badezimmer mit Dusche und WC, Balkon, K\u00fchlschrank, Sat-TV, Safe, Badet\u00fccher, Handt\u00fccher, Mikrowelle, Wasserkocher. Abweichungen in Ausstattung und Einrichtung zu den gezeigten Bildern sind m\u00f6glich.<\/p>\n\t\t\t\t\t\t\t\t\t\t\t\t\t\t\t\t<div class=\"row room-facilities mb-15\">\n\t\t\t\t\t\t\t\t<div class=\"col-md-12\">\n\t\t\t\t\t\t\t\t<div class=\"row pt-des-list\">\n\t\t\t\t\t\t\t\t\t\t\t\t\t\t\t\t\t\t\t\t\t\t\t\t\t\t\t\t\t\t\t\t\t\t\t\t\t\t\t\t\t\t\t\t\t\t\t\t\t\t\t\t\t\t<div class=\"col-md-6\">\n\t\t\t\t\t\t\t\t\t\t<ul>\n\t\t\t\t\t\t\t\t\t\t\t<li><i class=\"flaticon-group\"><\/i> 2-6 Personen<\/li>\n\t\t\t\t\t\t\t\t\t\t<\/ul>\n\t\t\t\t\t\t\t\t\t<\/div>\n\t\t\t\t\t\t\t\t\t\t\t\t\t\t\t\t\t\t\t\t\t\t\t\t\t\t\t\t\t\t\t\t\t\t\t\t\t\t\t\t\t\t\t\t\t\t\t\t\t\t\t\t\t\t<div class=\"col-md-6\">\n\t\t\t\t\t\t\t\t\t\t<ul>\n\t\t\t\t\t\t\t\t\t\t\t<li><i class=\"flaticon-bed\"><\/i> Doppelbett<\/li>\n\t\t\t\t\t\t\t\t\t\t<\/ul>\n\t\t\t\t\t\t\t\t\t<\/div>\n\t\t\t\t\t\t\t\t\t\t\t\t\t\t\t\t\t\t\t\t\t\t\t\t\t\t\t\t\t\t\t\t\t\t\t\t\t\t\t\t\t\t\t\t\t\t\t\t\t\t\t\t\t\t<div class=\"col-md-6\">\n\t\t\t\t\t\t\t\t\t\t<ul>\n\t\t\t\t\t\t\t\t\t\t\t<li><i class=\"flaticon-breakfast\"><\/i> Fr\u00fchst\u00fcck<\/li>\n\t\t\t\t\t\t\t\t\t\t<\/ul>\n\t\t\t\t\t\t\t\t\t<\/div>\n\t\t\t\t\t\t\t\t\t\t\t\t\t\t\t\t\t\t\t\t\t\t\t\t\t\t\t\t\t\t\t\t\t\t\t\t\t\t\t\t\t\t\t\t\t\t\t\t\t\t\t\t\t\t<div class=\"col-md-6\">\n\t\t\t\t\t\t\t\t\t\t<ul>\n\t\t\t\t\t\t\t\t\t\t\t<li><i class=\"flaticon-wifi\"><\/i> Gratis Wlan<\/li>\n\t\t\t\t\t\t\t\t\t\t<\/ul>\n\t\t\t\t\t\t\t\t\t<\/div>\n\t\t\t\t\t\t\t\t\t\t\t\t\t\t\t\t\t<\/div>\n\t\t\t\t\t\t\t\t<\/div>\n\t\t\t\t\t\t\t\t<\/div>\n\t\t\t\t\t\t\t\t\t\t\t\t\t\t\t\t\t\t\t\t\t\t\t\t<div class=\"price patara-price\"><span class=\"woocommerce-Price-amount amount\"><bdi>129.00<span class=\"woocommerce-Price-currencySymbol\">&euro;<\/span><\/bdi><\/span> <span>ab<\/span><\/div>\n\t\t\t\t\t\t\t\t\t\t\t\t\t\t\t\t<div class=\"rbtn\">\n\t\t\t\t\t\t\t\t\t\t\t\t\t\t\t\t<a class=\"butn-dark2\" href=\"https:\/\/familienhotelkaernten.at\/index.php\/product\/junior-suite\/\">\n\t\t\t\t\t\t\t\t<span>Mehr erfahren<\/span>\n\t\t\t\t\t\t\t\t<\/a>\n\t\t\t\t\t\t\t\t\t\t\t\t\t\t\t\t<\/div>\n\t\t\t\t\t\t\t<\/div>\n\t\t\t\t\t\t<\/div>\n\t\t\t\t\t<\/div>\n\t\t\t\t\t\t\t\t\t\t\t\t\t\t\t<div class=\"col-lg-6 col-md-6  mb-30 isotope-item\">\n\t\t\t\t\t\t<div class=\"item\">\n\t\t\t\t\t\t\t\t\t\t\t\t\t\t<figure class=\"position-re-order-room-grid-2 position-re o-hidden\"> \n\t\t\t\t\t\t\t<div class=\"cd-pt-ab\">\n\t\t\t\t\t\t\t<img decoding=\"async\" src=\"https:\/\/familienhotelkaernten.at\/wp-content\/uploads\/2023\/10\/Trebesingerhof-118-final-scaled.jpg\" alt=\"Suiten\" class=\"img-fluid\">\n\t\t\t\t\t\t\t<\/div>\n\t\t\t\t\t\t\t<\/figure>\n\t\t\t\t\t\t\t\t\t\t\t\t\t\t<div class=\"desc\">\n\t\t\t\t\t\t\t\t<h3 class=\"title\"><a href=\"https:\/\/familienhotelkaernten.at\/index.php\/product\/suite-hubsi-hu\/\"> Suiten<\/a><\/h3>\n\t\t\t\t\t\t\t\t<p>WC, Badezimmer mit Dusche und Badewanne, eingebauter Babybadewanne, Wickeltisch, Balkon, SAT-TV, Radio, K\u00fchlschrank, Mikrowelle, Wasserkocher, Safe, Badet\u00fccher, Handt\u00fccher. Abweichungen in Ausstattung und Einrichtung zu den gezeigten Bildern sind m\u00f6glich.<\/p>\n\t\t\t\t\t\t\t\t\t\t\t\t\t\t\t\t<div class=\"row room-facilities mb-15\">\n\t\t\t\t\t\t\t\t<div class=\"col-md-12\">\n\t\t\t\t\t\t\t\t<div class=\"row pt-des-list\">\n\t\t\t\t\t\t\t\t\t\t\t\t\t\t\t\t\t\t\t\t\t\t\t\t\t\t\t\t\t\t\t\t\t\t\t\t\t\t\t\t\t\t\t\t\t\t\t\t\t\t\t\t\t\t<div class=\"col-md-6\">\n\t\t\t\t\t\t\t\t\t\t<ul>\n\t\t\t\t\t\t\t\t\t\t\t<li><i class=\"flaticon-group\"><\/i> 3-6 Personen<\/li>\n\t\t\t\t\t\t\t\t\t\t<\/ul>\n\t\t\t\t\t\t\t\t\t<\/div>\n\t\t\t\t\t\t\t\t\t\t\t\t\t\t\t\t\t\t\t\t\t\t\t\t\t\t\t\t\t\t\t\t\t\t\t\t\t\t\t\t\t\t\t\t\t\t\t\t\t\t\t\t\t\t<div class=\"col-md-6\">\n\t\t\t\t\t\t\t\t\t\t<ul>\n\t\t\t\t\t\t\t\t\t\t\t<li><i class=\"flaticon-bed\"><\/i> Doppelbett<\/li>\n\t\t\t\t\t\t\t\t\t\t<\/ul>\n\t\t\t\t\t\t\t\t\t<\/div>\n\t\t\t\t\t\t\t\t\t\t\t\t\t\t\t\t\t\t\t\t\t\t\t\t\t\t\t\t\t\t\t\t\t\t\t\t\t\t\t\t\t\t\t\t\t\t\t\t\t\t\t\t\t\t<div class=\"col-md-6\">\n\t\t\t\t\t\t\t\t\t\t<ul>\n\t\t\t\t\t\t\t\t\t\t\t<li><i class=\"flaticon-breakfast\"><\/i> Fr\u00fchst\u00fcck<\/li>\n\t\t\t\t\t\t\t\t\t\t<\/ul>\n\t\t\t\t\t\t\t\t\t<\/div>\n\t\t\t\t\t\t\t\t\t\t\t\t\t\t\t\t\t\t\t\t\t\t\t\t\t\t\t\t\t\t\t\t\t\t\t\t\t\t\t\t\t\t\t\t\t\t\t\t\t\t\t\t\t\t<div class=\"col-md-6\">\n\t\t\t\t\t\t\t\t\t\t<ul>\n\t\t\t\t\t\t\t\t\t\t\t<li><i class=\"flaticon-wifi\"><\/i> Gratis Wlan<\/li>\n\t\t\t\t\t\t\t\t\t\t<\/ul>\n\t\t\t\t\t\t\t\t\t<\/div>\n\t\t\t\t\t\t\t\t\t\t\t\t\t\t\t\t\t<\/div>\n\t\t\t\t\t\t\t\t<\/div>\n\t\t\t\t\t\t\t\t<\/div>\n\t\t\t\t\t\t\t\t\t\t\t\t\t\t\t\t\t\t\t\t\t\t\t\t<div class=\"price patara-price\"><span class=\"woocommerce-Price-amount amount\"><bdi>135.00<span class=\"woocommerce-Price-currencySymbol\">&euro;<\/span><\/bdi><\/span> <span>ab<\/span><\/div>\n\t\t\t\t\t\t\t\t\t\t\t\t\t\t\t\t<div class=\"rbtn\">\n\t\t\t\t\t\t\t\t\t\t\t\t\t\t\t\t<a class=\"butn-dark2\" href=\"https:\/\/familienhotelkaernten.at\/index.php\/product\/suite-hubsi-hu\/\">\n\t\t\t\t\t\t\t\t<span>Mehr erfahren<\/span>\n\t\t\t\t\t\t\t\t<\/a>\n\t\t\t\t\t\t\t\t\t\t\t\t\t\t\t\t<\/div>\n\t\t\t\t\t\t\t<\/div>\n\t\t\t\t\t\t<\/div>\n\t\t\t\t\t<\/div>\n\t\t\t\t\t\t\t\t\t\t\t\t\t\t\t<div class=\"col-lg-6 col-md-6  mb-30 isotope-item\">\n\t\t\t\t\t\t<div class=\"item\">\n\t\t\t\t\t\t\t\t\t\t\t\t\t\t<figure class=\"position-re-order-room-grid-2 position-re o-hidden\"> \n\t\t\t\t\t\t\t<div class=\"cd-pt-ab\">\n\t\t\t\t\t\t\t<img decoding=\"async\" src=\"https:\/\/familienhotelkaernten.at\/wp-content\/uploads\/2023\/10\/Trebesingerhof-209-final-scaled.jpg\" alt=\"Doppelzimmer\" class=\"img-fluid\">\n\t\t\t\t\t\t\t<\/div>\n\t\t\t\t\t\t\t<\/figure>\n\t\t\t\t\t\t\t\t\t\t\t\t\t\t<div class=\"desc\">\n\t\t\t\t\t\t\t\t<h3 class=\"title\"><a href=\"https:\/\/familienhotelkaernten.at\/index.php\/product\/doppelzimmer\/\"> Doppelzimmer<\/a><\/h3>\n\t\t\t\t\t\t\t\t<p>Bad oder Dusche, WC, teilweise Balkon, SAT-TV, Radio, K\u00fchlschrank, Safe, Wasserkocher, Wickeltisch, Handt\u00fccher. Abweichungen in Ausstattung und Einrichtung zu den gezeigten Bildern sind m\u00f6glich.<\/p>\n\t\t\t\t\t\t\t\t\t\t\t\t\t\t\t\t<div class=\"row room-facilities mb-15\">\n\t\t\t\t\t\t\t\t<div class=\"col-md-12\">\n\t\t\t\t\t\t\t\t<div class=\"row pt-des-list\">\n\t\t\t\t\t\t\t\t\t\t\t\t\t\t\t\t\t\t\t\t\t\t\t\t\t\t\t\t\t\t\t\t\t\t\t\t\t\t\t\t\t\t\t\t\t\t\t\t\t\t\t\t\t\t<div class=\"col-md-6\">\n\t\t\t\t\t\t\t\t\t\t<ul>\n\t\t\t\t\t\t\t\t\t\t\t<li><i class=\"flaticon-group\"><\/i> 2-4 Personen<\/li>\n\t\t\t\t\t\t\t\t\t\t<\/ul>\n\t\t\t\t\t\t\t\t\t<\/div>\n\t\t\t\t\t\t\t\t\t\t\t\t\t\t\t\t\t\t\t\t\t\t\t\t\t\t\t\t\t\t\t\t\t\t\t\t\t\t\t\t\t\t\t\t\t\t\t\t\t\t\t\t\t\t<div class=\"col-md-6\">\n\t\t\t\t\t\t\t\t\t\t<ul>\n\t\t\t\t\t\t\t\t\t\t\t<li><i class=\"flaticon-bed\"><\/i> Doppelbett<\/li>\n\t\t\t\t\t\t\t\t\t\t<\/ul>\n\t\t\t\t\t\t\t\t\t<\/div>\n\t\t\t\t\t\t\t\t\t\t\t\t\t\t\t\t\t\t\t\t\t\t\t\t\t\t\t\t\t\t\t\t\t\t\t\t\t\t\t\t\t\t\t\t\t\t\t\t\t\t\t\t\t\t<div class=\"col-md-6\">\n\t\t\t\t\t\t\t\t\t\t<ul>\n\t\t\t\t\t\t\t\t\t\t\t<li><i class=\"flaticon-wifi\"><\/i> Gratis Wlan<\/li>\n\t\t\t\t\t\t\t\t\t\t<\/ul>\n\t\t\t\t\t\t\t\t\t<\/div>\n\t\t\t\t\t\t\t\t\t\t\t\t\t\t\t\t\t\t\t\t\t\t\t\t\t\t\t\t\t\t\t\t\t\t\t\t\t\t\t\t\t\t\t\t\t\t\t\t\t\t\t\t\t\t<div class=\"col-md-6\">\n\t\t\t\t\t\t\t\t\t\t<ul>\n\t\t\t\t\t\t\t\t\t\t\t<li><i class=\"flaticon-breakfast\"><\/i> Fr\u00fchst\u00fcck<\/li>\n\t\t\t\t\t\t\t\t\t\t<\/ul>\n\t\t\t\t\t\t\t\t\t<\/div>\n\t\t\t\t\t\t\t\t\t\t\t\t\t\t\t\t\t<\/div>\n\t\t\t\t\t\t\t\t<\/div>\n\t\t\t\t\t\t\t\t<\/div>\n\t\t\t\t\t\t\t\t\t\t\t\t\t\t\t\t\t\t\t\t\t\t\t\t<div class=\"price patara-price\"><span class=\"woocommerce-Price-amount amount\"><bdi>107.00<span class=\"woocommerce-Price-currencySymbol\">&euro;<\/span><\/bdi><\/span> <span>ab<\/span><\/div>\n\t\t\t\t\t\t\t\t\t\t\t\t\t\t\t\t<div class=\"rbtn\">\n\t\t\t\t\t\t\t\t\t\t\t\t\t\t\t\t<a class=\"butn-dark2\" href=\"https:\/\/familienhotelkaernten.at\/index.php\/product\/doppelzimmer\/\">\n\t\t\t\t\t\t\t\t<span>Mehr erfahren<\/span>\n\t\t\t\t\t\t\t\t<\/a>\n\t\t\t\t\t\t\t\t\t\t\t\t\t\t\t\t<\/div>\n\t\t\t\t\t\t\t<\/div>\n\t\t\t\t\t\t<\/div>\n\t\t\t\t\t<\/div>\n\t\t\t\t\t\t\t\t\t\t\t\t\t\t\t<div class=\"col-lg-6 col-md-6  mb-30 isotope-item\">\n\t\t\t\t\t\t<div class=\"item\">\n\t\t\t\t\t\t\t\t\t\t\t\t\t\t<figure class=\"position-re-order-room-grid-2 position-re o-hidden\"> \n\t\t\t\t\t\t\t<div class=\"cd-pt-ab\">\n\t\t\t\t\t\t\t<img decoding=\"async\" src=\"https:\/\/familienhotelkaernten.at\/wp-content\/uploads\/2023\/10\/Trebesingerhof-178-1920w.webp\" alt=\"Familienzimmer\" class=\"img-fluid\">\n\t\t\t\t\t\t\t<\/div>\n\t\t\t\t\t\t\t<\/figure>\n\t\t\t\t\t\t\t\t\t\t\t\t\t\t<div class=\"desc\">\n\t\t\t\t\t\t\t\t<h3 class=\"title\"><a href=\"https:\/\/familienhotelkaernten.at\/index.php\/product\/familienzimmer\/\"> Familienzimmer<\/a><\/h3>\n\t\t\t\t\t\t\t\t<p class=\"text-align-center\">Das ger\u00e4umige Familienzimmer bietet einen Kleiderschrank, einen Safe, einen Balkon mit Gartenblick sowie ein eigenes Bad mit einer Badewanne. SAT-TV, Radio, K\u00fchlschrank, Wasserkocher, Wickeltisch, Handt\u00fccher. Die Wohneinheit ist mit 3 Betten ausgestattet. Abweichungen in Ausstattung und Einrichtung zu den gezeigten Bildern sind m\u00f6glich.<\/p>\n\t\t\t\t\t\t\t\t\t\t\t\t\t\t\t\t<div class=\"row room-facilities mb-15\">\n\t\t\t\t\t\t\t\t<div class=\"col-md-12\">\n\t\t\t\t\t\t\t\t<div class=\"row pt-des-list\">\n\t\t\t\t\t\t\t\t\t\t\t\t\t\t\t\t\t\t\t\t\t\t\t\t\t\t\t\t\t\t\t\t\t\t\t\t\t\t\t\t\t\t\t\t\t\t\t\t\t\t\t\t\t\t<div class=\"col-md-6\">\n\t\t\t\t\t\t\t\t\t\t<ul>\n\t\t\t\t\t\t\t\t\t\t\t<li><i class=\"flaticon-group\"><\/i> 2-4 Personen<\/li>\n\t\t\t\t\t\t\t\t\t\t<\/ul>\n\t\t\t\t\t\t\t\t\t<\/div>\n\t\t\t\t\t\t\t\t\t\t\t\t\t\t\t\t\t\t\t\t\t\t\t\t\t\t\t\t\t\t\t\t\t\t\t\t\t\t\t\t\t\t\t\t\t\t\t\t\t\t\t\t\t\t<div class=\"col-md-6\">\n\t\t\t\t\t\t\t\t\t\t<ul>\n\t\t\t\t\t\t\t\t\t\t\t<li><i class=\"flaticon-bed\"><\/i> Doppelbett<\/li>\n\t\t\t\t\t\t\t\t\t\t<\/ul>\n\t\t\t\t\t\t\t\t\t<\/div>\n\t\t\t\t\t\t\t\t\t\t\t\t\t\t\t\t\t\t\t\t\t\t\t\t\t\t\t\t\t\t\t\t\t\t\t\t\t\t\t\t\t\t\t\t\t\t\t\t\t\t\t\t\t\t<div class=\"col-md-6\">\n\t\t\t\t\t\t\t\t\t\t<ul>\n\t\t\t\t\t\t\t\t\t\t\t<li><i class=\"flaticon-breakfast\"><\/i> Fr\u00fchst\u00fcck<\/li>\n\t\t\t\t\t\t\t\t\t\t<\/ul>\n\t\t\t\t\t\t\t\t\t<\/div>\n\t\t\t\t\t\t\t\t\t\t\t\t\t\t\t\t\t\t\t\t\t\t\t\t\t\t\t\t\t\t\t\t\t\t\t\t\t\t\t\t\t\t\t\t\t\t\t\t\t\t\t\t\t\t<div class=\"col-md-6\">\n\t\t\t\t\t\t\t\t\t\t<ul>\n\t\t\t\t\t\t\t\t\t\t\t<li><i class=\"flaticon-wifi\"><\/i> Gratis Wlan<\/li>\n\t\t\t\t\t\t\t\t\t\t<\/ul>\n\t\t\t\t\t\t\t\t\t<\/div>\n\t\t\t\t\t\t\t\t\t\t\t\t\t\t\t\t\t<\/div>\n\t\t\t\t\t\t\t\t<\/div>\n\t\t\t\t\t\t\t\t<\/div>\n\t\t\t\t\t\t\t\t\t\t\t\t\t\t\t\t\t\t\t\t\t\t\t\t<div class=\"price patara-price\"><span class=\"woocommerce-Price-amount amount\"><bdi>123.00<span class=\"woocommerce-Price-currencySymbol\">&euro;<\/span><\/bdi><\/span> <span>ab<\/span><\/div>\n\t\t\t\t\t\t\t\t\t\t\t\t\t\t\t\t<div class=\"rbtn\">\n\t\t\t\t\t\t\t\t\t\t\t\t\t\t\t\t<a class=\"butn-dark2\" href=\"https:\/\/familienhotelkaernten.at\/index.php\/product\/familienzimmer\/\">\n\t\t\t\t\t\t\t\t<span>Mehr erfahren<\/span>\n\t\t\t\t\t\t\t\t<\/a>\n\t\t\t\t\t\t\t\t\t\t\t\t\t\t\t\t<\/div>\n\t\t\t\t\t\t\t<\/div>\n\t\t\t\t\t\t<\/div>\n\t\t\t\t\t<\/div>\n\t\t\t\t\t\t\t\t\t<\/div>\n\t\t\t<\/div>\n\t\t\t\t<\/div>\n\t\t\n        \t\t\t\t<\/div>\n\t\t\t\t<\/div>\n\t\t<div class=\"elementor-element elementor-element-f4dc57e e-con-full e-flex e-con e-child\" data-id=\"f4dc57e\" data-element_type=\"container\" data-e-type=\"container\" data-settings=\"{&quot;background_background&quot;:&quot;classic&quot;}\">\n\t\t<div class=\"elementor-element elementor-element-f70cd52 e-grid e-con-full e-con e-child\" data-id=\"f70cd52\" data-element_type=\"container\" data-e-type=\"container\">\n\t\t\t\t<div class=\"elementor-element elementor-element-d3ae77a elementor-widget elementor-widget-image\" data-id=\"d3ae77a\" data-element_type=\"widget\" data-e-type=\"widget\" data-widget_type=\"image.default\">\n\t\t\t\t<div class=\"elementor-widget-container\">\n\t\t\t\t\t\t\t\t\t\t\t\t\t\t\t<img fetchpriority=\"high\" decoding=\"async\" width=\"900\" height=\"737\" src=\"https:\/\/familienhotelkaernten.at\/wp-content\/uploads\/2024\/07\/kearnten-card-1024x838.gif\" class=\"attachment-large size-large wp-image-2443\" alt=\"\" srcset=\"https:\/\/familienhotelkaernten.at\/wp-content\/uploads\/2024\/07\/kearnten-card-1024x838.gif 1024w, https:\/\/familienhotelkaernten.at\/wp-content\/uploads\/2024\/07\/kearnten-card-300x245.gif 300w, https:\/\/familienhotelkaernten.at\/wp-content\/uploads\/2024\/07\/kearnten-card-768x628.gif 768w, https:\/\/familienhotelkaernten.at\/wp-content\/uploads\/2024\/07\/kearnten-card-1536x1257.gif 1536w, https:\/\/familienhotelkaernten.at\/wp-content\/uploads\/2024\/07\/kearnten-card-600x491.gif 600w\" sizes=\"(max-width: 900px) 100vw, 900px\" \/>\t\t\t\t\t\t\t\t\t\t\t\t\t\t\t<\/div>\n\t\t\t\t<\/div>\n\t\t\t\t<div class=\"elementor-element elementor-element-75dab6a elementor-widget elementor-widget-patara-title\" data-id=\"75dab6a\" data-element_type=\"widget\" data-e-type=\"widget\" data-widget_type=\"patara-title.default\">\n\t\t\t\t<div class=\"elementor-widget-container\">\n\t\t\t\t\t\t\t\n\t\t\n\t\t\t\t\t\t\t\n\t\t\t<h4 class=\"section-title black text-left\">DER URLAUBSHIT f\u00fcr Sommer 2026<\/h4>\t\t\t\t\n\t\t\t<div class=\"section-text text-left black\"><p><div id=\"1351899039\" class=\"u_1351899039 dmRespCol small-12 large-6 medium-6\"><div id=\"1282882823\" class=\"u_1282882823 dmNewParagraph\" data-element-type=\"paragraph\" data-version=\"5\"><p class=\"text-align-right\" style=\"font-size: 18px;\"><span style=\"color: #9ea57c;\"><strong>Zu jeder Buchung<\/strong><\/span> bekommen Sie die<\/p><p class=\"text-align-right\" style=\"font-size: 18px; color: #9ea57c;\"><strong>K\u00c4RNTEN CARD<\/strong> geschenkt.<\/p><p class=\"text-align-right\" style=\"font-size: 18px;\">\u00dcber <span style=\"color: #9ea57c;\"><strong>100 Ausflugsziele<\/strong><\/span> besuchen Sie damit GRATIS.<\/p><\/div><\/div><\/p><\/div>\n        \n\t\t\t\n        \t\t\t\t<\/div>\n\t\t\t\t<\/div>\n\t\t\t\t<\/div>\n\t\t\t\t<\/div>\n\t\t\t\t\t<\/div>\n\t\t\t\t<\/div>\n\t\t<div class=\"elementor-element elementor-element-45eefbc e-flex e-con-boxed e-con e-parent\" data-id=\"45eefbc\" data-element_type=\"container\" data-e-type=\"container\" data-settings=\"{&quot;background_background&quot;:&quot;classic&quot;}\">\n\t\t\t\t\t<div class=\"e-con-inner\">\n\t\t\t\t<div class=\"elementor-element elementor-element-437a0f6 elementor-widget elementor-widget-patara-room-search\" data-id=\"437a0f6\" data-element_type=\"widget\" data-e-type=\"widget\" data-widget_type=\"patara-room-search.default\">\n\t\t\t\t<div class=\"elementor-widget-container\">\n\t\t\t\t\t\t\t\n\t\t\n    \t\t\t\t<\/div>\n\t\t\t\t<\/div>\n\t\t\t\t\t<\/div>\n\t\t\t\t<\/div>\n\t\t\t\t<\/div>\n\t\t","protected":false},"excerpt":{"rendered":"<p>Zimmer &#038; Suiten Unser Hotel ist ge\u00f6ffnet: \u00a0 Die angef\u00fchrten Preise gelten pro Person und Aufenthalt, inkl. reichhaltiges Trebesingerhof-Fr\u00fchst\u00fccksbuffet, Mittagssnack, Abendessen im Rahmen des GENUSS ALL Inclusive Packages, Benutzung unserer Bade- und Wellnesseinrichtungen, zzgl. 4,00 \u20ac\/Nacht Sonstige Abgaben pro Erwachsenen ab 16 Jahren. Bei Buchungen von 1 &#8211; 3 N\u00e4chten verrechnen wir (nur in der Hauptsaison) einen Kurzbucherzuschlag pro Erwachsenen<\/p>\n","protected":false},"author":1,"featured_media":0,"parent":0,"menu_order":0,"comment_status":"closed","ping_status":"closed","template":"","meta":{"footnotes":"","_links_to":"","_links_to_target":""},"class_list":["post-22","page","type-page","status-publish","hentry"],"aioseo_notices":[],"meta_box":[],"_links":{"self":[{"href":"https:\/\/familienhotelkaernten.at\/index.php\/wp-json\/wp\/v2\/pages\/22","targetHints":{"allow":["GET"]}}],"collection":[{"href":"https:\/\/familienhotelkaernten.at\/index.php\/wp-json\/wp\/v2\/pages"}],"about":[{"href":"https:\/\/familienhotelkaernten.at\/index.php\/wp-json\/wp\/v2\/types\/page"}],"author":[{"embeddable":true,"href":"https:\/\/familienhotelkaernten.at\/index.php\/wp-json\/wp\/v2\/users\/1"}],"replies":[{"embeddable":true,"href":"https:\/\/familienhotelkaernten.at\/index.php\/wp-json\/wp\/v2\/comments?post=22"}],"version-history":[{"count":133,"href":"https:\/\/familienhotelkaernten.at\/index.php\/wp-json\/wp\/v2\/pages\/22\/revisions"}],"predecessor-version":[{"id":6793,"href":"https:\/\/familienhotelkaernten.at\/index.php\/wp-json\/wp\/v2\/pages\/22\/revisions\/6793"}],"wp:attachment":[{"href":"https:\/\/familienhotelkaernten.at\/index.php\/wp-json\/wp\/v2\/media?parent=22"}],"curies":[{"name":"wp","href":"https:\/\/api.w.org\/{rel}","templated":true}]}}